{"id":727,"date":"2013-05-07T18:37:06","date_gmt":"2013-05-07T18:37:06","guid":{"rendered":"http:\/\/www.triennale-der-moderne.de\/2013\/\/dessau\/veranstaltungsorte\/junkers-in-dessau\/"},"modified":"2013-05-07T18:37:06","modified_gmt":"2013-05-07T18:37:06","slug":"junkers-in-dessau","status":"publish","type":"page","link":"\/2013\/dessau\/veranstaltungsorte\/junkers-in-dessau\/","title":{"rendered":"Rundtour &#8222;Junkers in Dessau&#8220;"},"content":{"rendered":"<p>\nKaum eine Figur hat Dessaus Geschichte so entscheidend gepr\u00e4gt, wie der ber\u00fchmte Unternehmer und Erfinder Hugo Junkers. Er geh\u00f6rt zu den Hauptidentifikationsfiguren einer Stadt, von der aus die moderne Industriekultur entscheidende Impulse erhielt. Ma\u00dfgeblich beteiligt an der Ansiedlung des aus Weimar vertriebenen Bauhauses in Dessau steht Hugo Junkers f\u00fcr eine fr\u00fche Bl\u00fctezeit der Stadt. <br \/>\nZiel der Tour sind verschiedene Wirkungsst\u00e4tten Hugo Junkers\u2018 \u2013 sie beginnt um 10.30 Uhr am Bauhaus und macht unter anderem am Technikmuseum \u201eHugo Junkers\u201c, dem ehemaligen Junkalor-Gel\u00e4nde und dem Heimatmuseum Dessau-Alten Station. Weitere Eckpunkte sind der Flugplatz und ein Wohnhaus in Dessau-Nord, das f\u00fcr leitende Angestellte der Junkers-Werkeerrichtet wurde. Die zweieinhalbst\u00fcndige F\u00fchrung sp\u00fcrt dem Wirken Hugo Junkers\u2018 in Dessau nach und vermittelt Hintergr\u00fcnde zum Leben und Schaffen des ber\u00fchmten Ingenieurs und Unternehmers.\n<\/p>\n<p>\nTermin: Samstag, 12.10.2013, 10.30 \u2013 12.30 Uhr<br \/>\nStart- und Endpunkt: Stiftung Bauhaus Dessau, Gropiusallee 38, Dessau-Ro\u00dflau<br \/>\nTreffpunkt: Ausstellungskasse im Bauhaus<br \/>\nKosten: 9\u20ac pro Person<br \/>\nUm Anmeldung wird gebeten: Tel.: 0340-6508251 <br \/>\noder per E-Mail an <a href=\"mailto:besuch@bauhaus-dessau.de\">besuch-at-bauhaus-dessau.de<\/a><\/p>\n","protected":false},"excerpt":{"rendered":"<p>Kaum eine Figur hat Dessaus Geschichte so entscheidend gepr\u00e4gt, wie der ber\u00fchmte Unternehmer und Erfinder Hugo Junkers. Er geh\u00f6rt zu den Hauptidentifikationsfiguren einer Stadt, von der aus die moderne Industriekultur entscheidende Impulse erhielt. Ma\u00dfgeblich beteiligt an der Ansiedlung des aus Weimar vertriebenen Bauhauses in Dessau steht Hugo Junkers f\u00fcr eine fr\u00fche Bl\u00fctezeit der Stadt. Ziel [&hellip;]<\/p>\n","protected":false},"author":1,"featured_media":0,"parent":38,"menu_order":54,"comment_status":"open","ping_status":"open","template":"_template_60_40.php","meta":{"_acf_changed":false,"footnotes":""},"class_list":["post-727","page","type-page","status-publish","hentry"],"acf":[],"_links":{"self":[{"href":"https:\/\/www.triennale-der-moderne.de\/2013\/wp-json\/wp\/v2\/pages\/727"}],"collection":[{"href":"https:\/\/www.triennale-der-moderne.de\/2013\/wp-json\/wp\/v2\/pages"}],"about":[{"href":"https:\/\/www.triennale-der-moderne.de\/2013\/wp-json\/wp\/v2\/types\/page"}],"author":[{"embeddable":true,"href":"https:\/\/www.triennale-der-moderne.de\/2013\/wp-json\/wp\/v2\/users\/1"}],"replies":[{"embeddable":true,"href":"https:\/\/www.triennale-der-moderne.de\/2013\/wp-json\/wp\/v2\/comments?post=727"}],"version-history":[{"count":0,"href":"https:\/\/www.triennale-der-moderne.de\/2013\/wp-json\/wp\/v2\/pages\/727\/revisions"}],"up":[{"embeddable":true,"href":"https:\/\/www.triennale-der-moderne.de\/2013\/wp-json\/wp\/v2\/pages\/38"}],"wp:attachment":[{"href":"https:\/\/www.triennale-der-moderne.de\/2013\/wp-json\/wp\/v2\/media?parent=727"}],"curies":[{"name":"wp","href":"https:\/\/api.w.org\/{rel}","templated":true}]}}