{"id":1867,"date":"2022-03-16T06:06:57","date_gmt":"2022-03-16T05:06:57","guid":{"rendered":"\/2022\/?page_id=1867"},"modified":"2023-10-09T13:18:22","modified_gmt":"2023-10-09T11:18:22","slug":"archiv","status":"publish","type":"page","link":"\/2022\/archiv\/","title":{"rendered":"Archiv"},"content":{"rendered":"\n<h1 class=\"wp-block-heading\">Archiv und R\u00fcckblick<\/h1>\n\n\n\n<h2 class=\"wp-block-heading\">Veranstaltungsjahre 2013 \/ 2016 \/ 2019<\/h2>\n\n\n\n<h3 class=\"pb-2 wp-block-heading\">Die Triennale der Moderne  entstand 2013 aus einer Kooperation der St\u00e4dte Berlin, Dessau und Weimar. Seitdem wird im Dreijahres-Rhythmus das kulturelle, architektonische und ideengeschichtliche Erbe der Epoche in den Fokus der allgemeinen \u00d6ffentlichkeit ger\u00fcckt. &nbsp;Hierbei wird im Vorfeld jeweils ein st\u00e4dte\u00fcbergreifendes Motto festgelegt, das auch besondere Jubil\u00e4en oder Themenjahre ber\u00fccksichtigen kann. Hier finden Sie einen R\u00fcckblick auf die Veranstaltungsjahre 2013, 2016 und 2019.<\/h3>\n\n\n\n<figure class=\"wp-block-image size-full pb-3\"><img loading=\"lazy\" decoding=\"async\" width=\"1024\" height=\"683\" src=\"\/2022\/wp-content\/uploads\/sites\/8\/2022\/03\/U03d_TriMod2016_Dessau_010.jpg\" alt=\"\" class=\"wp-image-1874\" srcset=\"\/2022\/wp-content\/uploads\/sites\/8\/2022\/03\/U03d_TriMod2016_Dessau_010.jpg 1024w, \/2022\/wp-content\/uploads\/sites\/8\/2022\/03\/U03d_TriMod2016_Dessau_010-600x400.jpg 600w, \/2022\/wp-content\/uploads\/sites\/8\/2022\/03\/U03d_TriMod2016_Dessau_010-375x250.jpg 375w, \/2022\/wp-content\/uploads\/sites\/8\/2022\/03\/U03d_TriMod2016_Dessau_010-768x512.jpg 768w\" sizes=\"(max-width: 1024px) 100vw, 1024px\" \/><figcaption class=\"wp-element-caption\">Projektion auf die Fassade des Bauhaus Dessau im Zuge der Triennale-Er\u00f6ffnungsveranstaltung 2016 in Dessau, Foto: Ben Buschfeld<\/figcaption><\/figure>\n\n\n\n<hr class=\"wp-block-separator has-css-opacity\"\/>\n\n\n\n<div class=\"wp-block-columns is-layout-flex wp-container-core-columns-is-layout-1 wp-block-columns-is-layout-flex\">\n<div class=\"wp-block-column is-layout-flow wp-block-column-is-layout-flow\">\n<h1 class=\"pt-2 wp-block-heading\">2019: 100 Jahre Bauhaus <\/h1>\n\n\n\n<h2 class=\"wp-block-heading\">Gesamt-Koordination: Weimar<\/h2>\n\n\n\n<p>Nach erfolgreichen Auftakten 2013 und 2016 stand das Programm 2019 ganz im Zeichen des 100-j\u00e4hrigen Jubil\u00e4ums der ber\u00fchmten Designschule, die in Weimar, Dessau und Berlin beheimatet war, bevor sie 1933 auf Druck der Nationalsozialisten schlie\u00dfen musste. Bis heute gilt das Bauhaus als Inbegriff zeitlos moderner Gestaltung. Es markierte Trends, revolutionierte die Design-Ausbildung und hinterlie\u00df ein kulturelles Erbe, das international nachwirkte. <\/p>\n\n\n\n<p>Dieses Erbe lies sich mit Touren, Events und Ausstellungen konzentriert erleben. Er\u00f6ffnet wurde die Triennale 2019 am Bauhaus-Gr\u00fcndungsort Weimar, wo mehrere Konzerte, das auf seine urspr\u00fcngliche Form und Materialit\u00e4t zur\u00fcckgef\u00fchrte Musterhaus Am Horn sowie das neu er\u00f6ffnete, zentral gelegene bauhaus museum weimar besonders im Fokus standen. <\/p>\n\n\n\n<p>Assoziierte Partnerstadt 2019 war Tel Aviv. Hierzu passend setzte das Projekt <em>The Matter of Data <\/em>die Migrationsgeschichte der Architektur der sogenannten Bauhaus-Moderne in Beziehung zum Export von Materialien und Bauteilen aus Deutschland nach Pal\u00e4stina in den 1930er-Jahren. &nbsp;<\/p>\n\n\n\n<p class=\"pb-3\">Im Rahmen der <a href=\"\/2022\/motto-und-film-doku\/\" data-type=\"page\" data-id=\"732\">Abschlusskonferenz<\/a> in Berlin fand eine gemeinsame Evaluation statt, bei der alle drei beteiligten f\u00fcr eine Fortsetzung des erfolgreich etablierten Formats votierten und ein weiterer <a href=\"\/2022\/partnerstaedte-de\/\" data-type=\"page\" data-id=\"462\">Ausbau des Netzwerks<\/a> beschlossen wurde.<\/p>\n\n\n\n<h1 class=\"pb-1 wp-block-heading\">Link ins Programm-Archiv<\/h1>\n\n\n\n<ul class=\"wp-block-list\">\n<li><a rel=\"noreferrer noopener\" href=\"https:\/\/triennale-der-moderne.de\/2019\/\" target=\"_blank\">triennale-der-moderne.de\/2019\/<\/a>    <br>[Anm.: Seite \u00f6ffnet in neuem Tab*]<\/li>\n<\/ul>\n<\/div>\n\n\n\n<div class=\"wp-block-column is-layout-flow wp-block-column-is-layout-flow\"><div class=\"wp-block-image\">\n<figure class=\"alignright size-large is-resized\"><img loading=\"lazy\" decoding=\"async\" src=\"\/2022\/wp-content\/uploads\/sites\/8\/2022\/03\/TDM-2019_Visual-768x768.jpg\" alt=\"\" class=\"wp-image-1868\" width=\"384\" height=\"384\" srcset=\"\/2022\/wp-content\/uploads\/sites\/8\/2022\/03\/TDM-2019_Visual-768x768.jpg 768w, \/2022\/wp-content\/uploads\/sites\/8\/2022\/03\/TDM-2019_Visual-400x400.jpg 400w, \/2022\/wp-content\/uploads\/sites\/8\/2022\/03\/TDM-2019_Visual.jpg 1080w\" sizes=\"(max-width: 384px) 100vw, 384px\" \/><\/figure><\/div><\/div>\n<\/div>\n\n\n\n<hr class=\"wp-block-separator has-css-opacity 0\"\/>\n\n\n\n<div class=\"wp-block-columns is-layout-flex wp-container-core-columns-is-layout-2 wp-block-columns-is-layout-flex\">\n<div class=\"wp-block-column is-layout-flow wp-block-column-is-layout-flow\">\n<h1 class=\"pt-2 wp-block-heading\">2016: 90 Jahre Bauhausbauten in Dessau <\/h1>\n\n\n\n<h2 class=\"wp-block-heading\">Gesamt-Koordination: Dessau<\/h2>\n\n\n\n<p>2016, stand unter dem Motto <em>You must go there\u2026* \u2013 90 Jahre Bauhausbauten in Dessau<\/em>.&nbsp;Bereits mit der Fertigstellung der von Walter Gropius entworfenen Bauhausbauten und der Er\u00f6ffnung der Hochschule f\u00fcr Gestaltung im Jahr 1926 avancierte Dessau zur internationalen Pilgerst\u00e4tte f\u00fcr moderne Architektur. Siebzig Jahre sp\u00e4ter, wurden die Bauhausst\u00e4tten in Weimar und Dessau 1996 gemeinsam zum UNESCO Weltkulturerbe erkl\u00e4rt. <\/p>\n\n\n\n<p>Das Programm 2016 lieferte Gelegenheit, auch die weniger bekannten Bauhausbauten zu entdecken und an ihnen zu verstehen, wie f\u00fcr Gropius und andere Vertreter des Bauhauses, paralleler und nachfolgender Entwicklungsstufen der Moderne die Qualit\u00e4t der Freir\u00e4ume als Element stadtr\u00e4umlicher Gestaltung eine hohe Bedeutung zukam. <\/p>\n\n\n\n<p class=\"pb-3\">Einen besonderen Akzent im Rahmen der Er\u00f6ffnung in Dessau setzte die Er\u00f6ffnung der Ausstellung <em>Simultanit\u00e4t der Moderne. Die Van-Nelle-Fabrik in Rotterdam und das Bauhaus in Dessau<\/em>. Die Ausstellung war als gegenseitiges Besuchs\u00adprogramm von zwei UNESCO-Welterbest\u00e4tten zur Architektur der Moderne angelegt, die beide in diesem Jahr ihren neunzigsten Geburtstag feierten. Diese Kooperation begr\u00fcndete die Tradition der assoziierten Triennale-Partnerst\u00e4dte.<\/p>\n\n\n\n<h1 class=\"pb-1 wp-block-heading\">Link ins Programm-Archiv<\/h1>\n\n\n\n<ul class=\"wp-block-list\">\n<li><a rel=\"noreferrer noopener\" href=\"https:\/\/triennale-der-moderne.de\/2016\/\" target=\"_blank\">triennale-der-moderne.de\/2016\/<\/a>    <br>[Anm.: Seite \u00f6ffnet in neuem Tab*]<\/li>\n<\/ul>\n<\/div>\n\n\n\n<div class=\"wp-block-column is-layout-flow wp-block-column-is-layout-flow\"><div class=\"wp-block-image\">\n<figure class=\"alignright size-large is-resized\"><img loading=\"lazy\" decoding=\"async\" src=\"\/2022\/wp-content\/uploads\/sites\/8\/2022\/03\/TDM-2016_Visual-768x768.jpg\" alt=\"\" class=\"wp-image-1869\" width=\"384\" height=\"384\" srcset=\"\/2022\/wp-content\/uploads\/sites\/8\/2022\/03\/TDM-2016_Visual-768x768.jpg 768w, \/2022\/wp-content\/uploads\/sites\/8\/2022\/03\/TDM-2016_Visual-400x400.jpg 400w, \/2022\/wp-content\/uploads\/sites\/8\/2022\/03\/TDM-2016_Visual.jpg 1080w\" sizes=\"(max-width: 384px) 100vw, 384px\" \/><\/figure><\/div><\/div>\n<\/div>\n\n\n\n<hr class=\"wp-block-separator has-css-opacity\"\/>\n\n\n\n<div class=\"wp-block-columns is-layout-flex wp-container-core-columns-is-layout-3 wp-block-columns-is-layout-flex\">\n<div class=\"wp-block-column is-layout-flow wp-block-column-is-layout-flow\">\n<h1 class=\"pt-2 wp-block-heading\">2013: Zerst\u00f6rte Vielfalt <\/h1>\n\n\n\n<h2 class=\"wp-block-heading\">Gesamt-Koordination: Berlin<\/h2>\n\n\n\n<p>2013, im Auftaktjahr der Triennale der Moderne j\u00e4hrte sich die Macht\u00fcbernahme durch die Nationalsozialisten in Deutschland zum 80. Mal. Dies bot Anlass f\u00fcr das Berliner Themen- und Erinnerungsjahr <em>Zerst\u00f6rte Vielfalt &nbsp;\u2013 Berlin 1933-1938-1945<\/em> und lud dazu ein, die historischen Orte des kulturellen, geistigen und urbanen Lebens im Berlin der 1920er- und fr\u00fchen 1930er-Jahre zu entdecken.&nbsp; <\/p>\n\n\n\n<p>Hierzu passend war auch das Programm der Triennale ausgelegt: 1933 war auch f\u00fcr die Kunst- und Architekturmoderne ein Schicksalsjahr. Es war das Jahr, in dem das Bauhaus nach seinem letzten Umzug von Dessau nach Berlin 1932 endg\u00fcltig geschlossen wurde und gilt gemeinhin als das Ende der kurzen, aber einflussreichen Phase des &#8222;Neuen Bauens&#8220;. <\/p>\n\n\n\n<p class=\"pb-3\">Als politisches Zentrum Deutschlands wurde Berlin zum Hauptschauplatz scharfer kultureller und politischer Auseinandersetzungen. Viele intellektuelle Vordenker*innen und Vertreter*innen der Moderne aus Deutschland waren durch den politischen Stimmungswechsel unmittelbar betroffen, verloren ihre Auftr\u00e4ge und entschlossen sich zur Emigration, unter ihnen Bruno Taut, Walter Gropius, Mies van der Rohe, Erich Mendelsohn und viele mehr.<\/p>\n\n\n\n<h1 class=\"pb-1 wp-block-heading\">Link ins Programm-Archiv<\/h1>\n\n\n\n<ul class=\"wp-block-list\">\n<li><a rel=\"noreferrer noopener\" href=\"https:\/\/triennale-der-moderne.de\/2013\/\" target=\"_blank\">triennale-der-moderne.de\/2013\/<\/a>    <br>[Anm.: Seite \u00f6ffnet in neuem Tab*]<\/li>\n<\/ul>\n<\/div>\n\n\n\n<div class=\"wp-block-column is-layout-flow wp-block-column-is-layout-flow\"><div class=\"wp-block-image\">\n<figure class=\"alignright size-large is-resized\"><img loading=\"lazy\" decoding=\"async\" src=\"\/2022\/wp-content\/uploads\/sites\/8\/2022\/03\/TDM-2013-Visual-768x768.jpg\" alt=\"\" class=\"wp-image-1870\" width=\"384\" height=\"384\" srcset=\"\/2022\/wp-content\/uploads\/sites\/8\/2022\/03\/TDM-2013-Visual-768x768.jpg 768w, \/2022\/wp-content\/uploads\/sites\/8\/2022\/03\/TDM-2013-Visual-400x400.jpg 400w, \/2022\/wp-content\/uploads\/sites\/8\/2022\/03\/TDM-2013-Visual.jpg 1080w\" sizes=\"(max-width: 384px) 100vw, 384px\" \/><\/figure><\/div><\/div>\n<\/div>\n\n\n\n<hr class=\"wp-block-separator has-css-opacity\"\/>\n\n\n\n<p class=\"pt-1\">[*] Technische Anmerkung: Aufgrund von Umstellungen innerhalb der Technologie des verwendeten Web-Redaktionssystems, kann es auf einzelnen Archiv-Seiten zu Fehlern in der Layout-Darstellung kommen. Eine automatisch generierte \u00dcbersetzung ins Englische existiert erst seit 2022.<\/p>\n","protected":false},"excerpt":{"rendered":"<p>Archiv und R\u00fcckblick Veranstaltungsjahre 2013 \/ 2016 \/ 2019 Die Triennale der Moderne entstand 2013 aus einer Kooperation der St\u00e4dte Berlin, Dessau und Weimar. Seitdem wird im Dreijahres-Rhythmus das kulturelle, architektonische und ideengeschichtliche Erbe der Epoche in den Fokus der allgemeinen \u00d6ffentlichkeit ger\u00fcckt. &nbsp;Hierbei wird im Vorfeld jeweils ein st\u00e4dte\u00fcbergreifendes Motto festgelegt, das auch besondere [&hellip;]<\/p>\n","protected":false},"author":2,"featured_media":0,"parent":0,"menu_order":0,"comment_status":"closed","ping_status":"closed","template":"","meta":{"_acf_changed":false,"footnotes":""},"class_list":["post-1867","page","type-page","status-publish","hentry"],"acf":[],"_links":{"self":[{"href":"https:\/\/www.triennale-der-moderne.de\/2022\/wp-json\/wp\/v2\/pages\/1867"}],"collection":[{"href":"https:\/\/www.triennale-der-moderne.de\/2022\/wp-json\/wp\/v2\/pages"}],"about":[{"href":"https:\/\/www.triennale-der-moderne.de\/2022\/wp-json\/wp\/v2\/types\/page"}],"author":[{"embeddable":true,"href":"https:\/\/www.triennale-der-moderne.de\/2022\/wp-json\/wp\/v2\/users\/2"}],"replies":[{"embeddable":true,"href":"https:\/\/www.triennale-der-moderne.de\/2022\/wp-json\/wp\/v2\/comments?post=1867"}],"version-history":[{"count":63,"href":"https:\/\/www.triennale-der-moderne.de\/2022\/wp-json\/wp\/v2\/pages\/1867\/revisions"}],"predecessor-version":[{"id":5028,"href":"https:\/\/www.triennale-der-moderne.de\/2022\/wp-json\/wp\/v2\/pages\/1867\/revisions\/5028"}],"wp:attachment":[{"href":"https:\/\/www.triennale-der-moderne.de\/2022\/wp-json\/wp\/v2\/media?parent=1867"}],"curies":[{"name":"wp","href":"https:\/\/api.w.org\/{rel}","templated":true}]}}