{"id":2009,"date":"2022-04-19T17:44:15","date_gmt":"2022-04-19T15:44:15","guid":{"rendered":"\/2022\/?page_id=2009"},"modified":"2022-04-19T17:57:48","modified_gmt":"2022-04-19T15:57:48","slug":"zeche-zollverein-essen","status":"publish","type":"page","link":"\/2022\/partnerstaedte-de\/zeche-zollverein-essen\/","title":{"rendered":"DE-Partnerst\u00e4tte Zeche Zollverein, Essen"},"content":{"rendered":"\n<h1 class=\"wp-block-heading\">DE-Partnerst\u00e4tte Zeche Zollverein, Essen<\/h1>\n\n\n\n<h2 class=\"wp-block-heading\">UNESCO-Welterbe der Moderne im Ruhrgebiet<\/h2>\n\n\n\n<h3 class=\"pb-2 wp-block-heading\">Die Triennale der Moderne will mittelfristig ein Netzwerk der deutschen Welterbest\u00e4tten der Moderne etablieren \u2014 <br>Ab 2022 als assoziierte Partner*in neu dabei ist die Zeche Zollverein in Essen: Die Zeche ist Wahrzeichen des Ruhrgebiets, Monument der Industriekultur und Symbol f\u00fcr den Wandel der einst gr\u00f6\u00dften Steinkohlenzeche der Welt zu einem attraktiven Standort f\u00fcr Kultur und Freizeit, Bildung und Wirtschaft. <\/h3>\n\n\n\n<figure class=\"wp-block-image size-large pb-3\"><img loading=\"lazy\" decoding=\"async\" width=\"1024\" height=\"682\" src=\"\/2022\/wp-content\/uploads\/sites\/8\/2022\/03\/DE-Partner_Essen_20140903-zollverein-A-DB-FN-Jochen-Tack_005-ID2386-1024x682.jpg\" alt=\"\" class=\"wp-image-1320\" srcset=\"\/2022\/wp-content\/uploads\/sites\/8\/2022\/03\/DE-Partner_Essen_20140903-zollverein-A-DB-FN-Jochen-Tack_005-ID2386-1024x682.jpg 1024w, \/2022\/wp-content\/uploads\/sites\/8\/2022\/03\/DE-Partner_Essen_20140903-zollverein-A-DB-FN-Jochen-Tack_005-ID2386-600x400.jpg 600w, \/2022\/wp-content\/uploads\/sites\/8\/2022\/03\/DE-Partner_Essen_20140903-zollverein-A-DB-FN-Jochen-Tack_005-ID2386-375x250.jpg 375w, \/2022\/wp-content\/uploads\/sites\/8\/2022\/03\/DE-Partner_Essen_20140903-zollverein-A-DB-FN-Jochen-Tack_005-ID2386-768x512.jpg 768w, \/2022\/wp-content\/uploads\/sites\/8\/2022\/03\/DE-Partner_Essen_20140903-zollverein-A-DB-FN-Jochen-Tack_005-ID2386.jpg 1280w\" sizes=\"(max-width: 1024px) 100vw, 1024px\" \/><figcaption>Zeche Zollverein in Essen, F\u00f6rderger\u00fcst von Schacht XII, Foto: Jochen Tack<\/figcaption><\/figure>\n\n\n\n<h1 class=\"pb-2 wp-block-heading\">Architektur und Angebote<\/h1>\n\n\n\n<div class=\"wp-block-columns is-layout-flex wp-container-core-columns-is-layout-1 wp-block-columns-is-layout-flex\">\n<div class=\"wp-block-column is-layout-flow wp-block-column-is-layout-flow\" style=\"flex-basis:66.66%\">\n<p>Das UNESCO-Welterbe Zeche Zollverein ist heute eine der gr\u00f6\u00dften Touristenattraktion der Region. Es ist nicht nur ein Monument aus der Zeit der Industrialisierung, sondern steht gleichsam auch f\u00fcr zukunftsweisende Standortentwicklung und eine identit\u00e4tsstiftende Erinnerungskultur des Ruhrgebiets. <\/p>\n\n\n\n<p>Rund 100 Hektar umfasst das Gel\u00e4nde der Zeche und Kokerei Zollverein. Seit der Stilllegung der Zeche im Jahr 1986 und der Kokerei im Jahr 1993 wurden die Anlagen sukzessive saniert und f\u00fcr neue Nutzungen ert\u00fcchtigt. Neben der monumentalen Industriearchitektur von Fritz Schupp und Martin Kremmer sind es vor allem die musealen und kulturellen Angebote, die Besucher von nah und fern anziehen. Dazu z\u00e4hlen F\u00fchrungen durch die original erhaltenen \u00dcbertageanlagen der Zeche und Kokerei Zollverein, die Dauerausstellung und wechselnde Sonderausstellungen des Ruhr Museums, das Red Dot Design Museum und Kulturveranstaltungen wie die ExtraSchicht oder Konzerte. Freizeitm\u00f6glichkeiten und saisonale Highlights \u2013 z.B. der Zollverein-Park, das Werksschwimmbad und die Zollverein-Eisbahn \u2013 runden das Angebot ab.<\/p>\n\n\n\n<p class=\"pb-3\">Auch als Eventlocation hat sich Zollverein einen Namen gemacht, bereits mehrfach wurde das Welterbe als beste Eventlocation Deutschlands ausgezeichnet. Rund 50 R\u00e4ume und Geb\u00e4ude bieten Platz f\u00fcr ganz unterschiedliche Anl\u00e4sse wie Kongresse, Tagungen, Firmenevents, Produktpr\u00e4sentationen oder private Feiern.<br>Dar\u00fcber hinaus entwickeln die Stiftung Zollverein und ihre Partner das Welterbe kontinuierlich zu einem innovativen Wirtschaftsstandort. Museen und k\u00fcnstlerische Ateliers nutzen die ehemaligen Betriebsgeb\u00e4ude ebenso wie rund 60 junge Unternehmen der Kreativ- und Innovationswirtschaft.<\/p>\n\n\n\n<h1 class=\"pb-2 wp-block-heading\">Das Industriedenkmal<\/h1>\n\n\n\n<p>Zwischen 1847 und 1986 wurden auf der Zeche Zollverein insgesamt 240 Mio. Tonnen Kohle abgebaut, \u00fcber und unter Tage waren bis zu 8.000 Bergleute im Schichtwechsel besch\u00e4ftigt. Das Bergwerk mit seinen weitgehend automatisierten Arbeitsabl\u00e4ufen galt als das gr\u00f6\u00dfte und leistungsf\u00e4higste weltweit. Die letzte der insgesamt zw\u00f6lf Schachtanlagen wurde 1932 in Betrieb genommen und galt aufgrund der funktionalen, neusachlichen Gestaltung nach Pl\u00e4nen von Fritz Schupp und Martin Kremmer von Beginn an als technisches und \u00e4sthetisches Meisterwerk der Moderne. Im gleichen Stil wurde von 1957 bis 1961 die Kokerei Zollverein westlich von Schacht XII gebaut.<\/p>\n\n\n\n<p class=\"pb-3\">Die Zeche Zollverein schloss am 23. Dezember 1986 als letzte von insgesamt rund 290 Zechen in Essen, der einst gr\u00f6\u00dften Bergbaustadt Europas. Bereits kurz vor der Schlie\u00dfung waren erste Teile der Schachtanlage XII unter Denkmalschutz gestellt worden. Drei Jahre sp\u00e4ter begann die Sanierung der Anlage im Rahmen der Internationalen Bauausstellung (IBA) Emscher Park, ein auf zehn Jahre (1989\u2013 1999) angelegtes Zukunftsprogramm des Landes Nordrhein-Westfalen. 2001 wurden neben Schacht XII auch die Kokerei und die Gr\u00fcnderschachtanlage 1\/2\/8 zum Industriedenkmal ernannt, im selben Jahr nahm die UNESCO die Zeche und Kokerei Zollverein offiziell als \u201eIndustriekomplex Zeche Zollverein\u201c in ihre Welterbeliste auf. Die Produktionsanlagen repr\u00e4sentieren exemplarisch die soziale, \u00f6konomische, \u00e4sthetische und industrielle Geschichte des Kohle- und Stahlzeitalters.&nbsp;<\/p>\n\n\n\n<h1 class=\"pb-2 wp-block-heading\">Die Stiftung Zollverein&nbsp;<\/h1>\n\n\n\n<p>Die gemeinn\u00fctzige Stiftung Zollverein wurde 1998 von der Stadt Essen und dem Land Nordrhein- Westfalen gegr\u00fcndet, Zustifter ist der Landschaftsverband Rheinland. Neben der F\u00f6rderung von Kultur und Denkmalpflege hat die Stiftung die zentrale Aufgabe, die Bestandsgeb\u00e4ude und Anlagen des UNESCO-Welterbes Zeche und Kokerei denkmalgerecht zu erhalten, zu sichern und f\u00fcr eine k\u00fcnftige Nutzung zu entwickeln.&nbsp;<\/p>\n\n\n\n<p>Weitere Infos und Programmangebote:<\/p>\n\n\n\n<ul class=\"wp-block-list\"><li><a href=\"http:\/\/www.zollverein.de\">www.zollverein.de<\/a><\/li><\/ul>\n<\/div>\n\n\n\n<div class=\"wp-block-column is-layout-flow wp-block-column-is-layout-flow\" style=\"flex-basis:33.33%\">\n<h1 class=\"pb-1 wp-block-heading\">Ansprechpartnerin<\/h1>\n\n\n\n<p class=\"pb-3\">Delia Boesch<br>Leiterin Kommunikation und Marketing&nbsp;<br>Stiftung Zollverein<br>Tel : +49 (0)201-24681-120<\/p>\n\n\n\n<h1 class=\"pb-1 wp-block-heading\">Social Media<\/h1>\n\n\n\n<ul class=\"wp-block-list\"><li><a href=\"https:\/\/www.facebook.com\/UnescoWelterbeZollverein\">www.facebook.com\/UnescoWelterbeZollverein<\/a><\/li><li><a rel=\"noreferrer noopener\" href=\"https:\/\/www.instagram.com\/zeche_zollverein\/\" target=\"_blank\">www.instagram.com\/zeche_zollverein\/<\/a><\/li><li><a rel=\"noreferrer noopener\" href=\"https:\/\/www.youtube.com\/c\/zechezollverein\" target=\"_blank\">www.youtube.com\/c\/zechezollverein<\/a><\/li><\/ul>\n<\/div>\n<\/div>\n","protected":false},"excerpt":{"rendered":"<p>UNESCO-Weltkulturerbe Zeche Zollverein, Schacht VII<\/p>\n","protected":false},"author":2,"featured_media":1320,"parent":462,"menu_order":2,"comment_status":"closed","ping_status":"closed","template":"","meta":{"_acf_changed":false,"footnotes":""},"class_list":["post-2009","page","type-page","status-publish","has-post-thumbnail","hentry"],"acf":[],"_links":{"self":[{"href":"https:\/\/www.triennale-der-moderne.de\/2022\/wp-json\/wp\/v2\/pages\/2009"}],"collection":[{"href":"https:\/\/www.triennale-der-moderne.de\/2022\/wp-json\/wp\/v2\/pages"}],"about":[{"href":"https:\/\/www.triennale-der-moderne.de\/2022\/wp-json\/wp\/v2\/types\/page"}],"author":[{"embeddable":true,"href":"https:\/\/www.triennale-der-moderne.de\/2022\/wp-json\/wp\/v2\/users\/2"}],"replies":[{"embeddable":true,"href":"https:\/\/www.triennale-der-moderne.de\/2022\/wp-json\/wp\/v2\/comments?post=2009"}],"version-history":[{"count":9,"href":"https:\/\/www.triennale-der-moderne.de\/2022\/wp-json\/wp\/v2\/pages\/2009\/revisions"}],"predecessor-version":[{"id":2021,"href":"https:\/\/www.triennale-der-moderne.de\/2022\/wp-json\/wp\/v2\/pages\/2009\/revisions\/2021"}],"up":[{"embeddable":true,"href":"https:\/\/www.triennale-der-moderne.de\/2022\/wp-json\/wp\/v2\/pages\/462"}],"wp:featuredmedia":[{"embeddable":true,"href":"https:\/\/www.triennale-der-moderne.de\/2022\/wp-json\/wp\/v2\/media\/1320"}],"wp:attachment":[{"href":"https:\/\/www.triennale-der-moderne.de\/2022\/wp-json\/wp\/v2\/media?parent=2009"}],"curies":[{"name":"wp","href":"https:\/\/api.w.org\/{rel}","templated":true}]}}