{"id":778,"date":"2022-02-17T15:51:07","date_gmt":"2022-02-17T14:51:07","guid":{"rendered":"\/2022\/?page_id=778"},"modified":"2022-10-18T10:00:56","modified_gmt":"2022-10-18T08:00:56","slug":"programm-in-berlin","status":"publish","type":"page","link":"\/2022\/programm-in-berlin\/","title":{"rendered":"Programm in Berlin"},"content":{"rendered":"\n<h1 class=\"wp-block-heading\">Programm in Berlin in der Kurz\u00fcbersicht<\/h1>\n\n\n\n<h2 class=\"wp-block-heading\">Viele Formate und Akteur*innen<\/h2>\n\n\n\n<h3 class=\"pb-3 wp-block-heading\">Die sich in einer Vielzahl der Ans\u00e4tze, Auspr\u00e4gungen und Ambivalenzen ausdr\u00fcckende Vielschichtigkeit der Moderne wird durch ein ebenso breites Spektrum an Interpretationen und Formaten gespiegelt. Dazu passt, dass das <a href=\"\/2022\/berlin-programm\/\" data-type=\"page\" data-id=\"2592\">Berliner Programm<\/a> von 25 Partner*innen unterschiedlichster Art und Gr\u00f6\u00dfe auf die Beine gestellt wird. Dieser grassroot-Charakter des Berliner Programms garantiert eine facettenreiche Vermittlung und eignet sich als Klammer, um aktuell relevante Fragen der Stadtentwicklung, Diversit\u00e4t sowie der sozialen und politischen Teilhabe der Zivilgesellschaft zu thematisieren.<\/h3>\n\n\n\n<figure class=\"wp-block-image size-large pb-2\"><img loading=\"lazy\" decoding=\"async\" width=\"1024\" height=\"474\" src=\"\/2022\/wp-content\/uploads\/sites\/8\/2022\/02\/TDM2019Pressebilder_6er_Collage_Fotos-BenBuschfeld-1024x474.jpg\" alt=\"\" class=\"wp-image-1011\" srcset=\"\/2022\/wp-content\/uploads\/sites\/8\/2022\/02\/TDM2019Pressebilder_6er_Collage_Fotos-BenBuschfeld-1024x474.jpg 1024w, \/2022\/wp-content\/uploads\/sites\/8\/2022\/02\/TDM2019Pressebilder_6er_Collage_Fotos-BenBuschfeld-600x278.jpg 600w, \/2022\/wp-content\/uploads\/sites\/8\/2022\/02\/TDM2019Pressebilder_6er_Collage_Fotos-BenBuschfeld-768x356.jpg 768w, \/2022\/wp-content\/uploads\/sites\/8\/2022\/02\/TDM2019Pressebilder_6er_Collage_Fotos-BenBuschfeld-1536x712.jpg 1536w, \/2022\/wp-content\/uploads\/sites\/8\/2022\/02\/TDM2019Pressebilder_6er_Collage_Fotos-BenBuschfeld-2048x949.jpg 2048w\" sizes=\"(max-width: 1024px) 100vw, 1024px\" \/><figcaption>Programm-Highlights und besuchte Orte in Berlin \/ Ausz\u00fcge aus dem Pecha-Cucha-Programm, \u00a9 Fotos: BB \/ NN<\/figcaption><\/figure>\n\n\n\n<hr class=\"wp-block-separator\"\/>\n\n\n\n<h1 class=\"pb-2 wp-block-heading\">Auftakt-Event (2 Tage)<\/h1>\n\n\n\n<ul class=\"wp-block-list\"><li>F\u00fchrungen durch die Tschechische Botschaft<\/li><li>Beitr\u00e4ge aus den Triennale-Kernst\u00e4dten Berlin, Dessau Weimar<\/li><li>Impulse aus sechs weiteren deutschen Welterbest\u00e4tten der Moderne<\/li><li>Impulse aus St\u00e4dten der Moderne in Mitteleuropa<\/li><li>Bildvortrags-Event \u201ePecha Kucha der Moderne\u201c (ca. 20 Teile)<\/li><li>Vorstellung des aktuellen Berliner Welterbe-Vorschlags<\/li><li>Themen-Schwerpunkt \u201e<a href=\"\/2022\/ukraine\/\" data-type=\"page\" data-id=\"2999\">Modernism in Ukraine<\/a>\u201c<\/li><li>Interne Netzwerktreffen (nicht \u00f6ffentlich, vormittags)<\/li><\/ul>\n\n\n\n<h3 class=\"has-text-align-right wp-block-heading\">Achtung: <br><a href=\"\/2022\/auftakt-event\/\" data-type=\"page\" data-id=\"1110\">Anmeldungen erforderlich<\/a><\/h3>\n\n\n\n<hr class=\"wp-block-separator\"\/>\n\n\n\n<h1 class=\"pb-2 wp-block-heading\">Ausstellungen<\/h1>\n\n\n\n<ul class=\"pb-1 wp-block-list\"><li>Ausstellung \u201eRaumschiff Enterprise &#8211; 50 Jahre Tschechische Botschaft\u201c<\/li><li>Ausstellung \u201eLucia Moholy \u2013 Das Bild der Moderne\u201c <\/li><li>Ausstellung \u201eModernism in Ukraine\u201c (5 Teile)<\/li><li>Ausstellung \u201eLeben im Denkmal\u201c (2 Teile)<\/li><li>Ausstellung \u201eAlliierte in Berlin \u2013 das Architekturerbe\u201c <\/li><li>Ausstellung \u201eArchitekturfotografie mit Schnepp Renou\u201c<\/li><li>Ausstellung \u201eL\u2019 \u00c9sprit Nouveau\u201c <\/li><li>Ausstellung \u201eWelterbe-Siedlungen 6+1\u201c <\/li><li>Ausstellung \u201eUrbane Netzwerke der Moderne in Gdynia\/Polen\u201c<\/li><li>Ausstellung \u201eLicht, Luft, Viren\u201c<\/li><li>Ausstellung \u201eInfostation Hufeisensiedlung\u201c<\/li><\/ul>\n\n\n\n<h1 class=\"has-text-align-right wp-block-heading\"><a href=\"https:\/\/triennale-der-moderne.de\/2022\/berlin-programm\/#Ausstellungen\">Mehr Details<\/a><\/h1>\n\n\n\n<hr class=\"wp-block-separator\"\/>\n\n\n\n<h1 class=\"pb-2 wp-block-heading\">Touren und Besichtigungen<\/h1>\n\n\n\n<ul class=\"wp-block-list\"><li>Tschechische Botschaft \/ Tschechisches Zentrum Berlin<\/li><li>Bauhaus-Archiv \/ Museum f\u00fcr Gestaltung: the bauhaus view<\/li><li>Mies van der Rohe Haus (Villa Lemke)<\/li><li>AGDB-Bundesschule Bernau<\/li><li>Waldsiedlung Zehlendorf (Onkel Toms H\u00fctte)<\/li><li>Gartenstadt Falkenberg<\/li><li>Hufeisensiedlung<\/li><li>Hufeisensiedlung + Tautes Heim<\/li><li>Friedrichststra\u00dfe<\/li><li>Karl-Marx-Allee<\/li><li>Radtour \u201eKolbes Kiez\u201c<\/li><li>Radtour \u201eNachkriegsmoderne\u201c<\/li><li>Hansaviertel + Corbusierhaus<\/li><li>Kulturforum<\/li><li>Kongresshalle (Schwangere Auster)<\/li><li>Malzfabrik<\/li><li>Diverse Ausstellungsf\u00fchrungen (s. oben)<\/li><\/ul>\n\n\n\n<h2 class=\"has-text-align-right wp-block-heading\"><a href=\"https:\/\/triennale-der-moderne.de\/2022\/berlin-programm\/#Touren\">Mehr Details<\/a><br><\/h2>\n\n\n\n<hr class=\"wp-block-separator\"\/>\n\n\n\n<h1 class=\"pb-2 wp-block-heading\">Workshops, Performances, Installationen und Medien<\/h1>\n\n\n\n<ul class=\"pb-1 wp-block-list\"><li>Workshop \u201eHybride Habitate\u201c<\/li><li>Workshops \u201ebauhaus yoga\u201c <\/li><li>Workshops \u201eBaudenkmal Malzfabrik\u201c <\/li><li>Performance \u201eDer Stoff der Moderne\u201c <\/li><li>Kinofilm \u201eSchocken \u2013 ein deutsches Leben\u201c <\/li><li>Installation \u201eBlind Spots der Sp\u00e4tmoderne\u201c <\/li><li>Video-Reihe \u201eKonTexte der Moderne\u201c <\/li><li>B\u00fcrgerschaftliche Partizipation und Werkst\u00e4tten<br>(z.B. Hansaviertel, Karl-Marx-Allee, Onkel-Toms-H\u00fctte)<\/li><\/ul>\n\n\n\n<h2 class=\"has-text-align-right wp-block-heading\"><a href=\"https:\/\/triennale-der-moderne.de\/2022\/berlin-programm\/#Workshops\">Mehr Details<\/a><\/h2>\n\n\n\n<hr class=\"wp-block-separator\"\/>\n\n\n\n<h1 class=\"pb-2 wp-block-heading\">Symposien und Diskussionen<\/h1>\n\n\n\n<ul class=\"pb-1 wp-block-list\"><li><span style=\"color: initial;\">Diskussion \u201eWomen in Architecture\u201c <\/span><\/li><li>Veranstaltungsreihe \u201eZeitreisen in die Mikrowelten der Moderne\u201c<\/li><li><span style=\"color: initial;\">Kolloquium zum Welterbe-Vorschlag \u201e<a href=\"\/2022\/berlin-programm\/berlin-welterbe-kolloquium\/\" data-type=\"page\" data-id=\"4307\">Berlin Ost-West-Ost<\/a>\u201c <\/span><\/li><li>Symposium zum Wirken j\u00fcdischer Architekt<em>innen aus Mittel- und Osteuropa<\/em><\/li><li>Tagung \u201eModerne komplex &#8211; Komplexer Wohnungsbau von sozial bis klimaneutral\u201c<\/li><li>Buchpr\u00e4sentation \u201eArchitekturexporte der DDR\u201c<\/li><li>Symposium zu den deutsch-chinesischen Beziehungen der Nachkriegszeit in Ost und West<\/li><li>Symposium \u201eBeitr\u00e4ge j\u00fcdischer Architektinnen aus Mittel- und Osteuropa\u201c <br>Diskussionsveranstaltung \u201eJung, aber Denkmal\u201c<\/li><\/ul>\n\n\n\n<h2 class=\"has-text-align-right wp-block-heading\"><a href=\"https:\/\/triennale-der-moderne.de\/2022\/berlin-programm\/#Symposien\">Mehr Details<\/a><\/h2>\n\n\n\n<hr class=\"wp-block-separator\"\/>\n\n\n\n<h1 class=\"pb-2 wp-block-heading\"><br>Gef\u00f6rdert durch<\/h1>\n\n\n\n<div class=\"wp-block-columns is-layout-flex wp-container-core-columns-is-layout-1 wp-block-columns-is-layout-flex\">\n<div class=\"wp-block-column is-layout-flow wp-block-column-is-layout-flow\" style=\"flex-basis:66.66%\">\n<p>Das Berliner Programm wird zu gro\u00dfen Teilen von Partner*innen ohne institutionelle F\u00f6rderung erbracht. Weite Teile dieser Programmbeitr\u00e4ge werden durch LOTTO-Stiftung Berlin im Rahmen einer Fehlbedarfsfinanzierung gef\u00f6rdert zum Teil durch Dritt- und Eigenmittel erg\u00e4nzt.<\/p>\n\n\n\n<p>Anmerkung: Alle Angaben ohne Gew\u00e4hr. Eine detailliertere \u00dcbersicht mit Spielorten, <br>Daten und Anmeldeoptionen finden Sie unter <strong><a href=\"\/2022\/berlin-programm\/\">Berliner Programm 2022<\/a><\/strong><br>sowie in K\u00fcrze auch auf Unterseiten einzelner oben genannter Programmpunkte.<\/p>\n<\/div>\n\n\n\n<div class=\"wp-block-column is-layout-flow wp-block-column-is-layout-flow\" style=\"flex-basis:33.33%\">\n<div class=\"wp-block-image\"><figure class=\"alignright size-large is-resized\"><img loading=\"lazy\" decoding=\"async\" src=\"\/2022\/wp-content\/uploads\/sites\/8\/2022\/02\/LOTTO-Stiftung_4c_Transparent-1024x501.jpg\" alt=\"\" class=\"wp-image-408\" width=\"200\" height=\"100\"\/><\/figure><\/div>\n<\/div>\n<\/div>\n","protected":false},"excerpt":{"rendered":"<p>Programm in Berlin in der Kurz\u00fcbersicht Viele Formate und Akteur*innen Die sich in einer Vielzahl der Ans\u00e4tze, Auspr\u00e4gungen und Ambivalenzen ausdr\u00fcckende Vielschichtigkeit der Moderne wird durch ein ebenso breites Spektrum an Interpretationen und Formaten gespiegelt. Dazu passt, dass das Berliner Programm von 25 Partner*innen unterschiedlichster Art und Gr\u00f6\u00dfe auf die Beine gestellt wird. Dieser grassroot-Charakter [&hellip;]<\/p>\n","protected":false},"author":2,"featured_media":0,"parent":0,"menu_order":0,"comment_status":"closed","ping_status":"closed","template":"","meta":{"_acf_changed":false,"footnotes":""},"class_list":["post-778","page","type-page","status-publish","hentry"],"acf":[],"_links":{"self":[{"href":"https:\/\/www.triennale-der-moderne.de\/2022\/wp-json\/wp\/v2\/pages\/778"}],"collection":[{"href":"https:\/\/www.triennale-der-moderne.de\/2022\/wp-json\/wp\/v2\/pages"}],"about":[{"href":"https:\/\/www.triennale-der-moderne.de\/2022\/wp-json\/wp\/v2\/types\/page"}],"author":[{"embeddable":true,"href":"https:\/\/www.triennale-der-moderne.de\/2022\/wp-json\/wp\/v2\/users\/2"}],"replies":[{"embeddable":true,"href":"https:\/\/www.triennale-der-moderne.de\/2022\/wp-json\/wp\/v2\/comments?post=778"}],"version-history":[{"count":68,"href":"https:\/\/www.triennale-der-moderne.de\/2022\/wp-json\/wp\/v2\/pages\/778\/revisions"}],"predecessor-version":[{"id":4335,"href":"https:\/\/www.triennale-der-moderne.de\/2022\/wp-json\/wp\/v2\/pages\/778\/revisions\/4335"}],"wp:attachment":[{"href":"https:\/\/www.triennale-der-moderne.de\/2022\/wp-json\/wp\/v2\/media?parent=778"}],"curies":[{"name":"wp","href":"https:\/\/api.w.org\/{rel}","templated":true}]}}