{"id":80,"date":"2022-02-19T13:21:44","date_gmt":"2022-02-19T12:21:44","guid":{"rendered":"\/2025\/weimar-schwerpunkt\/"},"modified":"2025-09-23T13:59:49","modified_gmt":"2025-09-23T11:59:49","slug":"weimar-schwerpunkt","status":"publish","type":"page","link":"\/2025\/weimar-schwerpunkt\/","title":{"rendered":"Weimar: Schwerpunkt"},"content":{"rendered":"\n<h1 class=\"wp-block-heading\">26.-28.9.2025 in Weimar<\/h1>\n\n\n\n<h2 class=\"wp-block-heading\">Zerrissene Moderne(n) \u2013 Ambivalenzen der Moderne <\/h2>\n\n\n\n<h3 class=\"wp-block-heading pb-2\">In Weimar lassen sich auf kleinstem Raum die widerspr\u00fcchlichen Entwicklungen der Zerrissenen Moderne(n) im 20. Jahrhundert nachvollziehen \u2013 von emanzipatorischen Bestrebungen Anfang des 20. Jahrhunderts bis zu den radikalen Umbr\u00fcchen zur Zeit des fr\u00fchen Bauhauses in Weimar ab 1919. Weimar ist aber auch die Stadt, in der sich sehr fr\u00fch v\u00f6lkisch-antisemitische Tendenzen ausbreiteten und wo sich die Terrorherrschaft des Nationalsozialismus auf landespolitischer Ebene schon ab 1930 ank\u00fcndigte.&nbsp;<\/h3>\n\n\n\n<figure class=\"wp-block-image size-large pb-3\"><img loading=\"lazy\" decoding=\"async\" width=\"1024\" height=\"683\" src=\"\/2025\/wp-content\/uploads\/sites\/11\/2022\/02\/TDM-2025_Visual_17_Gauforum-1024x683.jpg\" alt=\"\" class=\"wp-image-9050\" srcset=\"\/2025\/wp-content\/uploads\/sites\/11\/2022\/02\/TDM-2025_Visual_17_Gauforum-1024x683.jpg 1024w, \/2025\/wp-content\/uploads\/sites\/11\/2022\/02\/TDM-2025_Visual_17_Gauforum-300x200.jpg 300w, \/2025\/wp-content\/uploads\/sites\/11\/2022\/02\/TDM-2025_Visual_17_Gauforum-768x512.jpg 768w, \/2025\/wp-content\/uploads\/sites\/11\/2022\/02\/TDM-2025_Visual_17_Gauforum.jpg 1200w\" sizes=\"(max-width: 1024px) 100vw, 1024px\" \/><figcaption class=\"wp-element-caption\">Gauforum mit Turm, Modellfoto: Quelle: weimar GmbH, bearbeitet: buschfeld.com<\/figcaption><\/figure>\n\n\n\n<h1 class=\"wp-block-heading pb-2\">Schwerpunkt in Weimar<\/h1>\n\n\n\n<div class=\"wp-block-columns is-layout-flex wp-container-core-columns-is-layout-1 wp-block-columns-is-layout-flex\">\n<div class=\"wp-block-column is-layout-flow wp-block-column-is-layout-flow\" style=\"flex-basis:66.66%\">\n<p>Das Programm der Triennale der Moderne 2025 f\u00fchrt zu zentralen Orten dieser in vieler Hinsicht \u201eModellstadt der Moderne\u201c. Weimar verf\u00fcgt \u00fcber wesentliche Bauten aus der Epoche der von Reformbestrebungen gepr\u00e4gten fr\u00fchen Moderne. Hiervon zeugen etwa das Museum Neues Weimar, das Nietzsche-Archiv oder die von Henry van de Velde entworfenen Kunstschulgeb\u00e4ude, die heute von der Bauhaus-Universit\u00e4t Weimar genutzt werden.<\/p>\n\n\n\n<p>Mit dem Bauhaus-Museum Weimar entstand ein neues Kulturquartier, das die ambivalente Historie der Moderne vom ausgehenden 19. Jahrhundert \u00fcber die Weimarer Republik, die Zeit des Nationalsozialismus und der DDR bis hin zur Gegenwart spannt. Zentral in diesem Kulturquartier ist das Geb\u00e4ude des einzigen ausgef\u00fchrten nationalsozialistischen Gauforums, in dem sich heute im S\u00fcdfl\u00fcgel das Museum Zwangsarbeit im Nationalsozialismus befindet. Es l\u00e4dt wie viele weitere Einrichtungen in Weimar zur kritischen Reflexion der Moderne im 20. Jahrhundert ein, wie sie in dem <a href=\"\/2025\/motto-bdw-2025\/\" data-type=\"page\" data-id=\"48\">st\u00e4dte\u00fcbergreifenden Motto<\/a> &#8222;Zerrissene Moderne(n)&#8220; anklingt.<\/p>\n\n\n\n<p>Die in allen H\u00e4usern und Tourist-Informationen erh\u00e4ltliche <em>ModerneCard<\/em> berechtigt zum einmaligen Eintritt in das Bauhaus-Museum Weimar, Museum Neues Weimar, Nietzsche-Archiv, Haus Am Horn und Haus Hohe Pappeln (Kosten: Erw. 17 \u20ac, erm. 12 \u20ac, Sch\u00fcler*innen 7 \u20ac).<\/p>\n\n\n\n<p class=\"pb-3\">Die <em>weimar card<\/em> erm\u00f6glicht kostenfreien Eintritt in zahlreiche Museen, freie Fahrt mit den Stadtbussen und die Teilnahme an einer Stadt-f\u00fchrung. Sie bietet au\u00dferdem erm\u00e4\u00dfigten Eintritt f\u00fcr Veranstaltungen im Deutschen Nationaltheater und beim Kunstfest Weimar (Kosten: 32,50 \u20ac).&nbsp;<\/p>\n\n\n\n<h2 class=\"wp-block-heading pb-3\">Save-the-weekend<br>26.\u201328. September 2025<\/h2>\n<\/div>\n\n\n\n<div class=\"wp-block-column is-layout-flow wp-block-column-is-layout-flow\" style=\"flex-basis:33.33%\">\n<h1 class=\"wp-block-heading pb-1\">Ansprechpartner<\/h1>\n\n\n\n<p class=\"pb-3\">weimar GmbH, Vanessa Berger<br>Gesellschaft f\u00fcr Marketing,<br>Kongress- und Tourismusservice<br>Tel.: +49 (0)3643-745-309<\/p>\n\n\n\n<h1 class=\"wp-block-heading pb-1\">Social Media<\/h1>\n\n\n\n<ul class=\"wp-block-list\">\n<li><a href=\"https:\/\/www.instagram.com\/weimar_erleben\/\">instagram.com\/weimar_erleben\/<\/a><\/li>\n\n\n\n<li><a href=\"https:\/\/www.facebook.com\/Kulturstadt.Weimar\">facebook.com\/Kulturstadt.Weimar<\/a><\/li>\n\n\n\n<li><a href=\"https:\/\/www.instagram.com\/klassikstiftung\/\">instagram.com\/klassikstiftung<\/a><\/li>\n\n\n\n<li><a href=\"https:\/\/www.facebook.com\/KlassikStiftungWeimar\">facebook.com\/KlassikStiftungWeimar<\/a><\/li>\n\n\n\n<li><a href=\"http:\/\/bsky.app\/profile\/klassikstiftung.bsky.social\" target=\"_blank\" rel=\"noreferrer noopener\">Klassik Stiftung Weimar bei Bluesky <\/a><\/li>\n\n\n\n<li><a href=\"https:\/\/de.linkedin.com\/company\/klassik-stiftung-weimar\" target=\"_blank\" rel=\"noreferrer noopener\">Klassik Stiftung Weimar bei Linkedin<\/a><\/li>\n\n\n\n<li><a href=\"https:\/\/www.facebook.com\/bauhausdessau\" target=\"_blank\" rel=\"noreferrer noopener\">f<\/a><a href=\"https:\/\/www.facebook.com\/bauhausmuseumweimar\" target=\"_blank\" rel=\"noreferrer noopener\">acebook.com\/bauhausmuseumweimar<\/a><\/li>\n<\/ul>\n<\/div>\n<\/div>\n\n\n\n<hr class=\"wp-block-separator has-css-opacity\"\/>\n\n\n\n<h1 class=\"wp-block-heading pb-4\">Themen und Orte (Auswahl)<\/h1>\n\n\n\n<div class=\"wp-block-columns is-layout-flex wp-container-core-columns-is-layout-2 wp-block-columns-is-layout-flex\">\n<div class=\"wp-block-column is-layout-flow wp-block-column-is-layout-flow\">\n<figure class=\"wp-block-image size-large\"><img decoding=\"async\" src=\"\/2022\/wp-content\/uploads\/sites\/8\/2022\/02\/Peter-Keler-Kinderwiege-Foto-Klassik-Stiftun-g-Weimar-C-Jan-Keler-1024x680.jpg\" alt=\"\" class=\"wp-image-1048\"\/><figcaption class=\"wp-element-caption\">Peter Keler, Kinderwiege \/ Cradle, 1922, Klassik Stiftung Weimar, \u00a9 Jan Keler<\/figcaption><\/figure>\n\n\n\n<figure class=\"wp-block-image size-large\"><img loading=\"lazy\" decoding=\"async\" width=\"1024\" height=\"683\" src=\"\/2025\/wp-content\/uploads\/sites\/11\/2025\/08\/Gauforum_Modellfoto_frei_SW_3-zu-2-1024x683.jpg\" alt=\"\" class=\"wp-image-8210\" srcset=\"\/2025\/wp-content\/uploads\/sites\/11\/2025\/08\/Gauforum_Modellfoto_frei_SW_3-zu-2-1024x683.jpg 1024w, \/2025\/wp-content\/uploads\/sites\/11\/2025\/08\/Gauforum_Modellfoto_frei_SW_3-zu-2-300x200.jpg 300w, \/2025\/wp-content\/uploads\/sites\/11\/2025\/08\/Gauforum_Modellfoto_frei_SW_3-zu-2-768x512.jpg 768w, \/2025\/wp-content\/uploads\/sites\/11\/2025\/08\/Gauforum_Modellfoto_frei_SW_3-zu-2-1536x1024.jpg 1536w, \/2025\/wp-content\/uploads\/sites\/11\/2025\/08\/Gauforum_Modellfoto_frei_SW_3-zu-2-2048x1365.jpg 2048w\" sizes=\"(max-width: 1024px) 100vw, 1024px\" \/><figcaption class=\"wp-element-caption\">Gauforum, Modellfoto mit Turm;<br>Entwurf: Hermann Giesler, 1937<br>Landesarchiv Th\u00fcringen \u2013 Hauptstaatsarchiv Weimar, Nachlass Hermann Giesler Foto 2\/22<\/figcaption><\/figure>\n<\/div>\n\n\n\n<div class=\"wp-block-column is-layout-flow wp-block-column-is-layout-flow\">\n<figure class=\"wp-block-image size-large\"><img loading=\"lazy\" decoding=\"async\" width=\"1024\" height=\"683\" src=\"\/2022\/wp-content\/uploads\/sites\/8\/2022\/02\/Blick-auf-das-Hautgebaeude-Foto-Thomas-Muelle-r-weimar-GmbHweb-1024x683.jpg\" alt=\"\" class=\"wp-image-1045\" srcset=\"\/2025\/wp-content\/uploads\/sites\/11\/2022\/02\/Blick-auf-das-Hautgebaeude-Foto-Thomas-Muelle-r-weimar-GmbHweb-1024x683.jpg 1024w, \/2025\/wp-content\/uploads\/sites\/11\/2022\/02\/Blick-auf-das-Hautgebaeude-Foto-Thomas-Muelle-r-weimar-GmbHweb-300x200.jpg 300w, \/2025\/wp-content\/uploads\/sites\/11\/2022\/02\/Blick-auf-das-Hautgebaeude-Foto-Thomas-Muelle-r-weimar-GmbHweb-768x512.jpg 768w, \/2025\/wp-content\/uploads\/sites\/11\/2022\/02\/Blick-auf-das-Hautgebaeude-Foto-Thomas-Muelle-r-weimar-GmbHweb-1536x1024.jpg 1536w, \/2025\/wp-content\/uploads\/sites\/11\/2022\/02\/Blick-auf-das-Hautgebaeude-Foto-Thomas-Muelle-r-weimar-GmbHweb.jpg 1600w\" sizes=\"(max-width: 1024px) 100vw, 1024px\" \/><figcaption class=\"wp-element-caption\">Bauhaus-Universit\u00e4t Weimar<br>\u00a9 weimar GmbH \/ Foto: Thomas M\u00fcller<\/figcaption><\/figure>\n\n\n\n<figure class=\"wp-block-image size-large\"><img loading=\"lazy\" decoding=\"async\" width=\"1024\" height=\"683\" src=\"\/2022\/wp-content\/uploads\/sites\/8\/2022\/02\/2010_KSW_Liegenschaften_1855_kl-1024x683.jpg\" alt=\"\" class=\"wp-image-1043\" srcset=\"\/2025\/wp-content\/uploads\/sites\/11\/2022\/02\/2010_KSW_Liegenschaften_1855_kl-1024x683.jpg 1024w, \/2025\/wp-content\/uploads\/sites\/11\/2022\/02\/2010_KSW_Liegenschaften_1855_kl-300x200.jpg 300w, \/2025\/wp-content\/uploads\/sites\/11\/2022\/02\/2010_KSW_Liegenschaften_1855_kl-768x512.jpg 768w, \/2025\/wp-content\/uploads\/sites\/11\/2022\/02\/2010_KSW_Liegenschaften_1855_kl.jpg 1300w\" sizes=\"(max-width: 1024px) 100vw, 1024px\" \/><figcaption class=\"wp-element-caption\">Das Nietzsche-Archiv in Weimar, \u00a9 VG Bild-Kunst, Bonn 2021<\/figcaption><\/figure>\n<\/div>\n\n\n\n<div class=\"wp-block-column is-layout-flow wp-block-column-is-layout-flow\">\n<figure class=\"wp-block-image size-large\"><img loading=\"lazy\" decoding=\"async\" width=\"1024\" height=\"683\" src=\"\/2022\/wp-content\/uploads\/sites\/8\/2022\/02\/Bauhaus-Museum-Weimar-Sommer-Foto-Thomas-Muel-ler-weimar-GmbH-7-web-1024x683.jpg\" alt=\"\" class=\"wp-image-1044\" srcset=\"\/2025\/wp-content\/uploads\/sites\/11\/2022\/02\/Bauhaus-Museum-Weimar-Sommer-Foto-Thomas-Muel-ler-weimar-GmbH-7-web-1024x683.jpg 1024w, \/2025\/wp-content\/uploads\/sites\/11\/2022\/02\/Bauhaus-Museum-Weimar-Sommer-Foto-Thomas-Muel-ler-weimar-GmbH-7-web-300x200.jpg 300w, \/2025\/wp-content\/uploads\/sites\/11\/2022\/02\/Bauhaus-Museum-Weimar-Sommer-Foto-Thomas-Muel-ler-weimar-GmbH-7-web-768x512.jpg 768w, \/2025\/wp-content\/uploads\/sites\/11\/2022\/02\/Bauhaus-Museum-Weimar-Sommer-Foto-Thomas-Muel-ler-weimar-GmbH-7-web-1536x1024.jpg 1536w, \/2025\/wp-content\/uploads\/sites\/11\/2022\/02\/Bauhaus-Museum-Weimar-Sommer-Foto-Thomas-Muel-ler-weimar-GmbH-7-web.jpg 1600w\" sizes=\"(max-width: 1024px) 100vw, 1024px\" \/><figcaption class=\"wp-element-caption\">Bauhaus-Museum Weimar<br>\u00a9 weimar GmbH \/ Foto: Thomas M\u00fcller<\/figcaption><\/figure>\n\n\n\n<figure class=\"wp-block-image size-large\"><img loading=\"lazy\" decoding=\"async\" width=\"1024\" height=\"683\" src=\"\/2022\/wp-content\/uploads\/sites\/8\/2022\/02\/Eiermannbau_Apolda-1024x683.jpg\" alt=\"\" class=\"wp-image-1046\" srcset=\"\/2025\/wp-content\/uploads\/sites\/11\/2022\/02\/Eiermannbau_Apolda-1024x683.jpg 1024w, \/2025\/wp-content\/uploads\/sites\/11\/2022\/02\/Eiermannbau_Apolda-300x200.jpg 300w, \/2025\/wp-content\/uploads\/sites\/11\/2022\/02\/Eiermannbau_Apolda-768x512.jpg 768w, \/2025\/wp-content\/uploads\/sites\/11\/2022\/02\/Eiermannbau_Apolda.jpg 1280w\" sizes=\"(max-width: 1024px) 100vw, 1024px\" \/><figcaption class=\"wp-element-caption\">Eiermann-Bau, Apolda \/ IBA Th\u00fcringen<br>\u00a9 weimar GmbH \/ Foto: Thomas M\u00fcller<\/figcaption><\/figure>\n<\/div>\n<\/div>\n","protected":false},"excerpt":{"rendered":"<p>Wohnen.Arbeiten.Leben ganz der &#8222;Wasserkultur&#8220;: In den 1920er und 1930er Jahren hatte die Technisierung der h\u00e4uslichen Wasserversorgung insbesondere au\u00dferhalb von Gro\u00dfst\u00e4dten gerade erst begonnen. Nur wenige Wohnh\u00e4user waren an die Kanalisation oder an das Trinkwassernetz angeschlossen. <\/p>\n","protected":false},"author":1,"featured_media":0,"parent":0,"menu_order":0,"comment_status":"closed","ping_status":"closed","template":"","meta":{"_acf_changed":false,"_seopress_robots_primary_cat":"","_seopress_titles_title":"","_seopress_titles_desc":"","_seopress_robots_index":"","footnotes":""},"class_list":["post-80","page","type-page","status-publish","hentry"],"acf":[],"_links":{"self":[{"href":"https:\/\/www.triennale-der-moderne.de\/2025\/wp-json\/wp\/v2\/pages\/80"}],"collection":[{"href":"https:\/\/www.triennale-der-moderne.de\/2025\/wp-json\/wp\/v2\/pages"}],"about":[{"href":"https:\/\/www.triennale-der-moderne.de\/2025\/wp-json\/wp\/v2\/types\/page"}],"author":[{"embeddable":true,"href":"https:\/\/www.triennale-der-moderne.de\/2025\/wp-json\/wp\/v2\/users\/1"}],"replies":[{"embeddable":true,"href":"https:\/\/www.triennale-der-moderne.de\/2025\/wp-json\/wp\/v2\/comments?post=80"}],"version-history":[{"count":25,"href":"https:\/\/www.triennale-der-moderne.de\/2025\/wp-json\/wp\/v2\/pages\/80\/revisions"}],"predecessor-version":[{"id":10277,"href":"https:\/\/www.triennale-der-moderne.de\/2025\/wp-json\/wp\/v2\/pages\/80\/revisions\/10277"}],"wp:attachment":[{"href":"https:\/\/www.triennale-der-moderne.de\/2025\/wp-json\/wp\/v2\/media?parent=80"}],"curies":[{"name":"wp","href":"https:\/\/api.w.org\/{rel}","templated":true}]}}